s 761149 composite?
True
Is 36773333 composite?
False
Is 10252049 composite?
False
Is 5812927 a composite number?
False
Is 29260241 prime?
True
Is 467877407 prime?
True
Is 2246011 composite?
True
Is 63574671 prime?
False
Is 7183987 composite?
False
Is 22285973 composite?
True
Is 411070802 a prime number?
False
Is 140195747 prime?
True
Is 12366129 composite?
True
Is 1813277 composite?
False
Is 243740611 composite?
True
Is 7621177 composite?
False
Is 6614693 composite?
False
Is 150597479 composite?
False
Is 239703339 a composite number?
True
Is 112216199 a composite number?
True
Is 21997567 composite?
False
Is 3997367 prime?
False
Is 38839811 a prime number?
True
Is 19384511 composite?
False
Is 11208259 composite?
False
Is 360242627 a prime number?
False
Is 24509837 prime?
False
Is 12111751 composite?
False
Is 11572721 a prime number?
True
Is 198845789 a prime number?
True
Is 56583737 a composite number?
True
Is 45581353 a composite number?
True
Is 69515419 composite?
False
Is 144447377 a composite number?
True
Is 125708587 a composite number?
False
Is 1079591 composite?
True
Is 346363517 composite?
False
Is 4105553 composite?
False
Is 5682769 composite?
True
Is 260633 composite?
True
Is 5825353 a composite number?
False
Is 133871 prime?
False
Is 5521927 prime?
True
Is 8740219 a composite number?
False
Is 26600159 a composite number?
False
Is 47987367 prime?
False
Is 20919517 a prime number?
True
Is 161606347 prime?
False
Is 21655299 composite?
True
Is 5946727 composite?
False
Is 54607453 prime?
True
Is 665397861 a prime number?
False
Is 84022166 composite?
True
Is 2703643 a composite number?
True
Is 127705 composite?
True
Is 15841711 a prime number?
True
Is 2047789 a composite number?
True
Is 228114391 a composite number?
True
Is 6584663 composite?
False
Is 5654063 a composite number?
True
Is 6824039 a composite number?
False
Is 6116809 a composite number?
True
Is 22228091 prime?
True
Is 154045 a composite number?
True
Is 4274245 composite?
True
Is 1462589 prime?
True
Is 40939453 a prime number?
True
Is 125408509 a prime number?
True
Is 61489114 a prime number?
False
Is 517490871 prime?
False
Is 804483937 composite?
False
Is 55088959 a composite number?
True
Is 113979059 prime?
False
Is 1773347 a composite number?
True
Is 21847589 a composite number?
False
Is 18612613 a composite number?
False
Is 129934997 a prime number?
True
Is 5007413 prime?
True
Is 450108761 a prime number?
True
Is 3890107 composite?
True
Is 37225051 a prime number?
False
Is 68303731 composite?
False
Is 173397893 a prime number?
True
Is 47299069 a prime number?
False
Is 29845621 composite?
True
Is 4841119 a prime number?
True
Is 4097311 composite?
True
Is 218119569 composite?
True
Is 918571 composite?
True
Is 620983 a prime number?
False
Is 256407383 composite?
False
Is 72011417 a prime number?
False
Is 125321165 a composite number?
True
Is 1154705 a prime number?
False
Is 130553201 composite?
False
Is 3158555 composite?
True
Is 11030291 composite?
False
Is 741890471 composite?
True
Is 15351191 a composite number?
True
Is 2399359 prime?
True
Is 12189271 a composite number?
True
Is 6016357 prime?
True
Is 3976391 a prime number?
True
Is 74328883 a composite number?
False
Is 35886167 composite?
True
Is 153919643 a prime number?
True
Is 13038547 a composite number?
False
Is 4302047 a composite number?
True
Is 31890473 a composite number?
False
Is 32853941 a composite number?
False
Is 2376529 a prime number?
True
Is 362635681 prime?
True
Is 10454441 a prime number?
True
Is 5825921 prime?
False
Is 6561778 a composite number?
True
Is 10941079 prime?
False
Is 858127 a composite number?
False
Is 12111791 prime?
False
Is 12162971 composite?
False
Is 21499757 a prime number?
True
Is 10145473 a prime number?
False
Is 7808371 a composite number?
False
Is 1849877 prime?
True
Is 3969577 prime?
False
Is 55352243 a prime number?
True
Is 6992879 a prime number?
True
Is 13508783 prime?
True
Is 470563 a composite number?
True
Is 16302079 a composite number?
True
Is 8160547 a composite number?
False
Is 179725831 a composite number?
False
Is 431611 a prime number?
True
Is 52543537 composite?
False
Is 14841685 a prime number?
False
Is 175631543 composite?
True
Is 771607 prime?
True
Is 11858122 a prime number?
False
Is 136547773 composite?
True
Is 2092771 a prime number?
True
Is 78109639 a prime number?
True
Is 30708967 a composite number?
False
Is 64952929 a composite number?
True
Is 280629203 prime?
False
Is 54956197 composite?
False
Is 150083597 prime?
True
Is 101710393 prime?
False
Is 43771907 a prime number?
False
Is 24031 composite?
True
Is 54346079 prime?
False
Is 53100187 prime?
False
Is 8625821 a composite number?
False
Is 59753459 a composite number?
True
Is 2390099 composite?
False
Is 8832151 composite?
True
Is 166909 composite?
False
Is 1591026103 composite?
True
Is 112663055 prime?
False
Is 4545967 composite?
False
Is 977947 prime?
False
Is 8641147 a prime number?
True
Is 1865843 a composite number?
True
Is 4204003 composite?
True
Is 34421 a prime number?
True
Is 55714963 composite?
True
Is 574639 prime?
False
Is 174102973 a prime number?
False
Is 202278641 prime?
False
Is 980279 a prime number?
False
Is 39952427 a composite number?
False
Is 103262 prime?
False
Is 172702 a prime number?
False
Is 226862479 composite?
False
Is 123172057 prime?
True
Is 20393143 a prime number?
True
Is 362253811 a prime number?
True
Is 1234427 a composite number?
True
Is 109432423 a prime number?
True
Is 3075563 composite?
True
Is 582834093 a composite number?
True
Is 48413401 prime?
True
Is 11019469 a composite number?
False
Is 6764227 prime?
True
Is 2216231 a composite number?
False
Is 70488683 a composite number?
True
Is 2186417 a prime number?
False
Is 23329157 composite?
True
Is 133181 a prime number?
False
Is 2714341 a prime number?
False
Is 287722457 a prime number?
False
Is 8961539 composite?
True
Is 461577607 a prime number?
True
Is 9145291 prime?
True
Is 9701855 prime?
False
Is 13178365 prime?
False
Is 20727589 prime?
False
Is 289743 a composite number?
True
Is 244950427 composite?
True
Is 158461 composite?
True
Is 27986341 a composite number?
False
Is 115546747 prime?
True
Is 30479129 composite?
True
Is 1886727 composite?
True
Is 48702847 a prime number?
False
Is 140871 prime?
False
Is 72710237 a prime number?
True
Is 1827491 prime?
False
Is 5098097 composite?
True
Is 150507905 prime?
False
Is 112938799 a composite number?
False
Is 2265089 prime?
False
Is 258905957 a prime number?
False
Is 39079 a prime number?
True
Is 15210787 a composite number?
False
Is 506659 composite?
True
Is 10398721 composite?
False
Is 18430311 a prime number?
False
Is 3122729 a composite number?
False
Is 132745453 prime?
True
Is 797611 a prime number?
True
Is 267167 a prime number?
True
Is 2299093 composite?
False
Is 2306357 composite?
False
Is 6411557 prime?
True
Is 52725206 a composite number?
True
Is 20564459 a prime number?
True
Is 170390607 prime?
False
Is 60144509 prime?
False
Is 26949379 a composite number?
True
Is 13209281 composite?
False
Is 2442326 prime?
False
Is 102159319 a composite number?
True
Is 8595253 a composite number?
False
Is 70328207 prime?
False
Is 34217003 a prime number?
True
Is 15283699 composite?
False
Is 7237091 a prime number?
True
Is 403992661 composite?
False
Is 13068661 prime?
True
Is 1707323 prime?
False
Is 1052407 prime?
False
Is 130533929 prime?
True
Is 133919 composite?
False
Is 203384881 a prime number?
False
Is 64778653 composite?
True
Is 289348271 prime?
True
Is 19319227 a prime number?
True
Is 15372023 a prime number?
True
Is 167064883 composite?
False
Is 1202051 a composite number?
True
Is 5520593 prime?
False
Is 2390378 prime?
False
Is 7141889 prime?
True
Is 34023197 prime?
False
Is 2437121 a prime number?
True
Is 26961549 a composite number?
True
Is 522580759 composite?
True
Is 2718169 composite?
False
Is 8392157 prime?
True
Is 1200139 prime?
True
Is 22500919 a composite number?
True
Is 714731 a prime number?
False
Is 163358731 prime?
True
Is 24939113 a prime number?
True
Is 1542851 composite?
False
Is 14928905 prime?
False
Is 1632373 a composite number?
True
Is 34703299 composite?
True
Is 139483021 composite?
True
Is 310595 a prime number?
False
Is 5228869 composite?
Fa